1017307 composite?
False
Is 194615339 a composite number?
False
Is 134581 prime?
True
Is 46151191 a composite number?
False
Is 3523231 prime?
True
Is 122144651 prime?
False
Is 43079341 a prime number?
True
Is 1572454705 prime?
False
Is 1402223 prime?
False
Is 141199 prime?
True
Is 139513391 a composite number?
False
Is 1895071 prime?
True
Is 134265223 prime?
False
Is 205595383 prime?
False
Is 39779 composite?
False
Is 366277973 a prime number?
True
Is 13930613 prime?
False
Is 13736978 a prime number?
False
Is 1159931023 a prime number?
False
Is 4176187 a prime number?
True
Is 21983021 a composite number?
False
Is 1052833 composite?
True
Is 52255213 a prime number?
True
Is 1959382 a composite number?
True
Is 31166911 prime?
True
Is 54888307 a composite number?
False
Is 1283411 composite?
True
Is 779833 a prime number?
False
Is 1314629 a composite number?
True
Is 4670669 composite?
True
Is 30700079 composite?
True
Is 1747537 a composite number?
True
Is 32763701 a prime number?
False
Is 1051585 prime?
False
Is 39549443 composite?
True
Is 37862831 a composite number?
False
Is 1315247 composite?
True
Is 11052241 a composite number?
False
Is 4551601 a prime number?
True
Is 2700133 composite?
True
Is 61598093 a composite number?
True
Is 120685529 composite?
False
Is 43667597 composite?
False
Is 5010443 composite?
True
Is 340570487 prime?
True
Is 987631 composite?
False
Is 177348571 prime?
False
Is 1728607 a prime number?
False
Is 55038007 composite?
False
Is 161521 prime?
True
Is 152506093 a composite number?
False
Is 10684337 a composite number?
False
Is 96116503 a composite number?
True
Is 42942593 composite?
False
Is 17656669 prime?
True
Is 36564211 composite?
False
Is 23825341 a composite number?
True
Is 6324337 prime?
True
Is 44342057 composite?
False
Is 279238 composite?
True
Is 56082083 a composite number?
False
Is 26042789 a composite number?
False
Is 4476923 prime?
False
Is 550114427 a composite number?
True
Is 6021863 prime?
True
Is 45570929 a composite number?
False
Is 45146107 composite?
True
Is 211845545 prime?
False
Is 54413393 a prime number?
True
Is 109265813 a composite number?
False
Is 121443539 a prime number?
False
Is 1392631 prime?
True
Is 24980279 prime?
True
Is 7986253 a composite number?
True
Is 8999 a composite number?
False
Is 5803891 prime?
True
Is 188449193 a prime number?
True
Is 144131459 a prime number?
False
Is 31333243 prime?
True
Is 3980017 prime?
True
Is 73692043 a composite number?
True
Is 538199 a composite number?
False
Is 79605399 a composite number?
True
Is 270130565 a composite number?
True
Is 10026305 a prime number?
False
Is 79099633 a prime number?
False
Is 40189913 a prime number?
False
Is 21994705 prime?
False
Is 2601814 composite?
True
Is 17962759 prime?
True
Is 1049091 prime?
False
Is 2758361 prime?
True
Is 69414067 composite?
False
Is 110828747 a prime number?
True
Is 42972557 a composite number?
False
Is 234832811 a prime number?
False
Is 152137 composite?
True
Is 7119961 composite?
True
Is 6751463 composite?
True
Is 186951673 prime?
True
Is 181496633 composite?
False
Is 2791046 composite?
True
Is 9708383 prime?
True
Is 40211957 a prime number?
False
Is 12200587 composite?
True
Is 12983095 composite?
True
Is 407380357 composite?
False
Is 140476757 a prime number?
False
Is 161273291 a composite number?
True
Is 87519251 prime?
True
Is 475023 a composite number?
True
Is 13079669 a prime number?
False
Is 69726829 composite?
False
Is 179372507 a prime number?
True
Is 41694463 prime?
True
Is 145280393 composite?
True
Is 7836011 a composite number?
True
Is 169001069 prime?
True
Is 4752677 composite?
False
Is 6845317 prime?
True
Is 1531987 composite?
False
Is 77306987 a prime number?
True
Is 55293547 prime?
True
Is 1578217 a composite number?
False
Is 1268077 composite?
False
Is 4070843 a composite number?
True
Is 3119146 prime?
False
Is 7427573 a prime number?
True
Is 455015839 composite?
True
Is 39558769 prime?
True
Is 39947771 a composite number?
False
Is 289416323 a composite number?
True
Is 11241341 a prime number?
True
Is 293337179 prime?
True
Is 1943157 prime?
False
Is 351122089 a prime number?
False
Is 122527 a prime number?
True
Is 1376611 prime?
False
Is 18973807 a composite number?
False
Is 1338859 a composite number?
True
Is 44439737 a prime number?
False
Is 39049349 prime?
True
Is 10298377 prime?
False
Is 6345419 a composite number?
False
Is 5505593 composite?
False
Is 4803379 composite?
True
Is 17671481 a prime number?
False
Is 1564877 prime?
True
Is 13244617 a composite number?
True
Is 1521479 a composite number?
False
Is 8066143 composite?
True
Is 6222683 composite?
True
Is 1375091 composite?
False
Is 13403371 a prime number?
True
Is 22758113 a prime number?
False
Is 47722553 a composite number?
True
Is 2325469 a prime number?
True
Is 8824403 composite?
True
Is 13856221 prime?
True
Is 5051303 prime?
True
Is 411874 a composite number?
True
Is 54213773 a composite number?
False
Is 14023201 a composite number?
False
Is 40114037 composite?
False
Is 3087167 a prime number?
True
Is 10131721 a composite number?
False
Is 31159367 a composite number?
False
Is 446647 a composite number?
False
Is 12318095 composite?
True
Is 10838977 a prime number?
False
Is 380305229 composite?
True
Is 24907222 composite?
True
Is 15778705 a composite number?
True
Is 402656383 prime?
False
Is 5451205 composite?
True
Is 384767 a composite number?
True
Is 372809 composite?
False
Is 195797753 composite?
True
Is 73435081 composite?
False
Is 59537 composite?
True
Is 10426093 a prime number?
True
Is 7067027 prime?
False
Is 216367903 prime?
True
Is 47610767 composite?
False
Is 42208301 composite?
False
Is 9470254 prime?
False
Is 10938601 composite?
True
Is 1951315 prime?
False
Is 17518541 composite?
False
Is 6657841 prime?
False
Is 26570293 prime?
False
Is 26389249 a composite number?
False
Is 7102787 a composite number?
True
Is 23405797 prime?
False
Is 598100435 a composite number?
True
Is 29447134 prime?
False
Is 12544643 prime?
False
Is 221229947 a composite number?
True
Is 35093647 a composite number?
True
Is 2582383 prime?
True
Is 10107367 a composite number?
True
Is 2741083 a composite number?
False
Is 4222837 a composite number?
False
Is 158038981 composite?
True
Is 35721203 a prime number?
False
Is 23696089 a prime number?
False
Is 3806051 a prime number?
True
Is 95947 prime?
True
Is 990215 a prime number?
False
Is 27924113 composite?
True
Is 23692433 prime?
False
Is 5876443 a composite number?
False
Is 83609013 a prime number?
False
Is 8960711 a prime number?
False
Is 7827473 a composite number?
True
Is 473719 a composite number?
False
Is 169969 a prime number?
False
Is 62101013 a prime number?
False
Is 30326083 composite?
True
Is 40945291 prime?
True
Is 57958483 a composite number?
True
Is 166321153 prime?
False
Is 7005917 composite?
False
Is 1211841487 prime?
True
Is 7617553 a composite number?
False
Is 709747 a composite number?
True
Is 107732831 a composite number?
True
Is 2784053 a composite number?
False
Is 983579 composite?
False
Is 1310950943 composite?
False
Is 2556559 prime?
True
Is 55879331 a prime number?
False
Is 1908182623 composite?
False
Is 10422169 a prime number?
False
Is 144049049 prime?
True
Is 6465259 a composite number?
True
Is 288253517 composite?
False
Is 15736271 composite?
True
Is 762097045 a prime number?
False
Is 129100927 composite?
True
Is 70451803 prime?
True
Is 16913621 composite?
True
Is 30830971 a composite number?
True
Is 66427037 a composite number?
False
Is 1000763 prime?
True
Is 6487187 composite?
True
Is 2784877 composite?
True
Is 117330919 composite?
False
Is 132307807 a prime number?
True
Is 86280339 prime?
False
Is 17174057 a composite number?
True
Is 24356317 a prime number?
False
Is 3717439 prime?
False
Is 19510741 a prime number?
True
Is 4216327 a prime number?
True
Is 1824991 prime?
False
Is 381509 composite?
False
Is 10234837 composite?
False
Is 125990977 a prime number?
False
Is 3189983 a composite number?
False
Is 320167 composite?
True
Is 394193 composite?
True
Is 456703567 composite?
False
Is 13931 a prime number?
True
Is 216802 composite?
True
Is 5625523 a composite number?
True
Is 40085339 a composite number?
True
Is 59324347 prime?
True
Is 2058293 prime?
False
I